{"id":280,"date":"2025-06-09T21:55:52","date_gmt":"2025-06-10T00:55:52","guid":{"rendered":"https:\/\/cirat.org\/comunidades-agroflorestais\/?page_id=280"},"modified":"2026-03-04T21:21:10","modified_gmt":"2026-03-05T00:21:10","slug":"o-projeto","status":"publish","type":"page","link":"https:\/\/cirat.org\/comunidades-agroflorestais\/o-projeto\/","title":{"rendered":"O projeto"},"content":{"rendered":"\t\t<div data-elementor-type=\"wp-page\" data-elementor-id=\"280\" class=\"elementor elementor-280\" data-elementor-post-type=\"page\">\n\t\t\t\t<div class=\"elementor-element elementor-element-fb1b413 e-con-full e-flex e-con e-parent\" data-id=\"fb1b413\" data-element_type=\"container\">\n\t\t<div class=\"elementor-element elementor-element-557a424 e-con-full e-flex e-con e-child\" data-id=\"557a424\" data-element_type=\"container\">\n\t\t\t\t<div class=\"elementor-element elementor-element-b79b011 elementor-arrows-position-inside elementor-pagination-position-outside elementor-widget elementor-widget-image-carousel\" data-id=\"b79b011\" data-element_type=\"widget\" data-settings=\"{&quot;slides_to_show&quot;:&quot;1&quot;,&quot;navigation&quot;:&quot;both&quot;,&quot;autoplay&quot;:&quot;yes&quot;,&quot;pause_on_hover&quot;:&quot;yes&quot;,&quot;pause_on_interaction&quot;:&quot;yes&quot;,&quot;autoplay_speed&quot;:5000,&quot;infinite&quot;:&quot;yes&quot;,&quot;effect&quot;:&quot;slide&quot;,&quot;speed&quot;:500}\" data-widget_type=\"image-carousel.default\">\n\t\t\t\t<div class=\"elementor-widget-container\">\n\t\t\t\t\t\t\t<div class=\"elementor-image-carousel-wrapper swiper\" role=\"region\" aria-roledescription=\"carousel\" aria-label=\"Carrossel de imagens\" dir=\"ltr\">\n\t\t\t<div class=\"elementor-image-carousel swiper-wrapper swiper-image-stretch\" aria-live=\"off\">\n\t\t\t\t\t\t\t\t<div class=\"swiper-slide\" role=\"group\" aria-roledescription=\"slide\" aria-label=\"1 de 5\"><figure class=\"swiper-slide-inner\"><img decoding=\"async\" class=\"swiper-slide-image\" src=\"https:\/\/cirat.org\/comunidades-agroflorestais\/wp-content\/uploads\/elementor\/thumbs\/projeto-carrossel1-reo1zstfcmktg7plod4veisgr6khlzplw3i393ldt4.jpg\" alt=\"projeto-carrossel1\" \/><\/figure><\/div><div class=\"swiper-slide\" role=\"group\" aria-roledescription=\"slide\" aria-label=\"2 de 5\"><figure class=\"swiper-slide-inner\"><img decoding=\"async\" class=\"swiper-slide-image\" src=\"https:\/\/cirat.org\/comunidades-agroflorestais\/wp-content\/uploads\/elementor\/thumbs\/projeto-carrossel2-reo1zstfcmktg7plod4veisgr6khlzplw3i393ldt4.jpg\" alt=\"projeto-carrossel2\" \/><\/figure><\/div><div class=\"swiper-slide\" role=\"group\" aria-roledescription=\"slide\" aria-label=\"3 de 5\"><figure class=\"swiper-slide-inner\"><img decoding=\"async\" class=\"swiper-slide-image\" src=\"https:\/\/cirat.org\/comunidades-agroflorestais\/wp-content\/uploads\/elementor\/thumbs\/projeto-carrossel3-reo1zstfcmktg7plod4veisgr6khlzplw3i393ldt4.jpg\" alt=\"projeto-carrossel3\" \/><\/figure><\/div><div class=\"swiper-slide\" role=\"group\" aria-roledescription=\"slide\" aria-label=\"4 de 5\"><figure class=\"swiper-slide-inner\"><img decoding=\"async\" class=\"swiper-slide-image\" src=\"https:\/\/cirat.org\/comunidades-agroflorestais\/wp-content\/uploads\/elementor\/thumbs\/projeto-carrossel4-reo1zrvl5sjj4lqytuq8u1105sp4ealvjyulrtmrzc.jpg\" alt=\"projeto-carrossel4\" \/><\/figure><\/div><div class=\"swiper-slide\" role=\"group\" aria-roledescription=\"slide\" aria-label=\"5 de 5\"><figure class=\"swiper-slide-inner\"><img decoding=\"async\" class=\"swiper-slide-image\" src=\"https:\/\/cirat.org\/comunidades-agroflorestais\/wp-content\/uploads\/elementor\/thumbs\/projeto-carrossel5-reo1zrvl5sjj4lqytuq8u1105sp4ealvjyulrtmrzc.jpg\" alt=\"projeto-carrossel5\" \/><\/figure><\/div>\t\t\t<\/div>\n\t\t\t\t\t\t\t\t\t\t\t\t<div class=\"elementor-swiper-button elementor-swiper-button-prev\" role=\"button\" tabindex=\"0\">\n\t\t\t\t\t\t<svg aria-hidden=\"true\" class=\"e-font-icon-svg e-eicon-chevron-left\" viewBox=\"0 0 1000 1000\" xmlns=\"http:\/\/www.w3.org\/2000\/svg\"><path d=\"M646 125C629 125 613 133 604 142L308 442C296 454 292 471 292 487 292 504 296 521 308 533L604 854C617 867 629 875 646 875 663 875 679 871 692 858 704 846 713 829 713 812 713 796 708 779 692 767L438 487 692 225C700 217 708 204 708 187 708 171 704 154 692 142 675 129 663 125 646 125Z\"><\/path><\/svg>\t\t\t\t\t<\/div>\n\t\t\t\t\t<div class=\"elementor-swiper-button elementor-swiper-button-next\" role=\"button\" tabindex=\"0\">\n\t\t\t\t\t\t<svg aria-hidden=\"true\" class=\"e-font-icon-svg e-eicon-chevron-right\" viewBox=\"0 0 1000 1000\" xmlns=\"http:\/\/www.w3.org\/2000\/svg\"><path d=\"M696 533C708 521 713 504 713 487 713 471 708 454 696 446L400 146C388 133 375 125 354 125 338 125 325 129 313 142 300 154 292 171 292 187 292 204 296 221 308 233L563 492 304 771C292 783 288 800 288 817 288 833 296 850 308 863 321 871 338 875 354 875 371 875 388 867 400 854L696 533Z\"><\/path><\/svg>\t\t\t\t\t<\/div>\n\t\t\t\t\n\t\t\t\t\t\t\t\t\t<div class=\"swiper-pagination\"><\/div>\n\t\t\t\t\t\t\t\t\t<\/div>\n\t\t\t\t\t\t<\/div>\n\t\t\t\t<\/div>\n\t\t\t\t<\/div>\n\t\t<div class=\"elementor-element elementor-element-b1e82d3 e-con-full e-flex e-con e-child\" data-id=\"b1e82d3\" data-element_type=\"container\">\n\t\t\t\t<div class=\"elementor-element elementor-element-237f3cf elementor-widget elementor-widget-heading\" data-id=\"237f3cf\" data-element_type=\"widget\" data-widget_type=\"heading.default\">\n\t\t\t\t<div class=\"elementor-widget-container\">\n\t\t\t\t\t<h2 class=\"elementor-heading-title elementor-size-default\">PLANTANDO \u00c1GUA<\/h2>\t\t\t\t<\/div>\n\t\t\t\t<\/div>\n\t\t\t\t<div class=\"elementor-element elementor-element-21b7d7d elementor-widget elementor-widget-text-editor\" data-id=\"21b7d7d\" data-element_type=\"widget\" data-widget_type=\"text-editor.default\">\n\t\t\t\t<div class=\"elementor-widget-container\">\n\t\t\t\t\t\t\t\t\t<p>\u00a0<\/p><p>O projeto <b>Comunidades Agroflorestais: Plantando \u00c1gua e Tecendo Vidas<\/b> visa fortalecer a agricultura familiar agroecol\u00f3gica no Distrito Federal, apoiando iniciativas de produtores, movimentos sociais e institui\u00e7\u00f5es. Seu foco \u00e9 gerar trabalho e renda para agricultores e jovens das bacias do Alto Descoberto (DF e GO) e do Rio Parano\u00e1 (DF), por meio de forma\u00e7\u00f5es te\u00f3rico-pr\u00e1ticas <b>em agroecologia<\/b> e da recupera\u00e7\u00e3o da vegeta\u00e7\u00e3o nativa <b>do Cerrado<\/b>.<\/p><p>A proposta tamb\u00e9m contribui para a <b>seguran\u00e7a h\u00eddrica<\/b>, <b>alimentar<\/b>, <b>clim\u00e1tica<\/b> e a <b>integridade ecol\u00f3gica<\/b> da regi\u00e3o. O projeto nasce da articula\u00e7\u00e3o entre parceiros do Programa Produtor de \u00c1gua do Descoberto, buscando mobilizar mais recursos e <b>integrar a\u00e7\u00f5es socioambientais j\u00e1 existentes<\/b> no territ\u00f3rio.<\/p>\t\t\t\t\t\t\t\t<\/div>\n\t\t\t\t<\/div>\n\t\t\t\t<\/div>\n\t\t\t\t<\/div>\n\t\t<div class=\"elementor-element elementor-element-ea06390 e-con-full e-flex e-con e-parent\" data-id=\"ea06390\" data-element_type=\"container\">\n\t\t<div class=\"elementor-element elementor-element-29d0b51 e-con-full e-flex e-con e-child\" data-id=\"29d0b51\" data-element_type=\"container\">\n\t\t<div class=\"elementor-element elementor-element-16c7d1a e-con-full e-flex e-con e-child\" data-id=\"16c7d1a\" data-element_type=\"container\">\n\t\t\t\t<div class=\"elementor-element elementor-element-7ecff13 elementor-widget elementor-widget-heading\" data-id=\"7ecff13\" data-element_type=\"widget\" data-widget_type=\"heading.default\">\n\t\t\t\t<div class=\"elementor-widget-container\">\n\t\t\t\t\t<h2 class=\"elementor-heading-title elementor-size-default\">TECENDO VIDAS<\/h2>\t\t\t\t<\/div>\n\t\t\t\t<\/div>\n\t\t\t\t<div class=\"elementor-element elementor-element-5b98410 elementor-widget elementor-widget-text-editor\" data-id=\"5b98410\" data-element_type=\"widget\" data-widget_type=\"text-editor.default\">\n\t\t\t\t<div class=\"elementor-widget-container\">\n\t\t\t\t\t\t\t\t\t<p>A partir dos princ\u00edpios da agroecologia, o projeto promove a recupera\u00e7\u00e3o da vegeta\u00e7\u00e3o nativa do Cerrado e o manejo sustent\u00e1vel da terra como caminhos para regenerar o solo, conservar nascentes e garantir a infiltra\u00e7\u00e3o da \u00e1gua no subsolo.<\/p><p>Ao apoiar agricultoras, agricultores e juventudes com forma\u00e7\u00f5es te\u00f3rico-pr\u00e1ticas e fortalecer sistemas produtivos agroecol\u00f3gicos, o projeto atua diretamente na <b>recarga dos aqu\u00edferos<\/b>, <b>na redu\u00e7\u00e3o da eros\u00e3o<\/b> e <b>no equil\u00edbrio clim\u00e1tico<\/b>, contribuindo para a <b>seguran\u00e7a h\u00eddrica<\/b> e <b>alimentar<\/b> das bacias do Alto Descoberto e Rio Parano\u00e1.<\/p><p>Plantar \u00e1gua \u00e9 cuidar da terra, das pessoas e do futuro \u2014 e esse \u00e9 o compromisso que sustenta as a\u00e7\u00f5es do projeto.<\/p>\t\t\t\t\t\t\t\t<\/div>\n\t\t\t\t<\/div>\n\t\t\t\t<\/div>\n\t\t\t\t<\/div>\n\t\t<div class=\"elementor-element elementor-element-9652de0 e-con-full elementor-hidden-mobile e-flex e-con e-child\" data-id=\"9652de0\" data-element_type=\"container\" data-settings=\"{&quot;background_background&quot;:&quot;classic&quot;}\">\n\t\t\t\t<\/div>\n\t\t\t\t<\/div>\n\t\t<div class=\"elementor-element elementor-element-c1d619b e-con-full e-flex e-con e-parent\" data-id=\"c1d619b\" data-element_type=\"container\">\n\t\t<div class=\"elementor-element elementor-element-138956e e-con-full e-flex e-con e-child\" data-id=\"138956e\" data-element_type=\"container\" data-settings=\"{&quot;background_background&quot;:&quot;classic&quot;}\">\n\t\t\t\t<\/div>\n\t\t<div class=\"elementor-element elementor-element-22e7b1c e-con-full e-flex e-con e-child\" data-id=\"22e7b1c\" data-element_type=\"container\">\n\t\t<div class=\"elementor-element elementor-element-661c892 e-con-full e-flex e-con e-child\" data-id=\"661c892\" data-element_type=\"container\">\n\t\t\t\t<div class=\"elementor-element elementor-element-d25d2f2 elementor-widget elementor-widget-heading\" data-id=\"d25d2f2\" data-element_type=\"widget\" data-widget_type=\"heading.default\">\n\t\t\t\t<div class=\"elementor-widget-container\">\n\t\t\t\t\t<h2 class=\"elementor-heading-title elementor-size-default\">ESTRAT\u00c9GIA ADOTADA<\/h2>\t\t\t\t<\/div>\n\t\t\t\t<\/div>\n\t\t\t\t<div class=\"elementor-element elementor-element-4fdba5f elementor-widget elementor-widget-text-editor\" data-id=\"4fdba5f\" data-element_type=\"widget\" data-widget_type=\"text-editor.default\">\n\t\t\t\t<div class=\"elementor-widget-container\">\n\t\t\t\t\t\t\t\t\t<p><span style=\"font-weight: 400;\">A estrat\u00e9gia do projeto articula <\/span><b>forma\u00e7\u00e3o, produ\u00e7\u00e3o sustent\u00e1vel e regenera\u00e7\u00e3o ambiental<\/b><span style=\"font-weight: 400;\">, promovendo o interc\u00e2mbio entre saberes populares e t\u00e9cnicos em agroecologia.\u00a0<\/span><\/p><p><span style=\"font-weight: 400;\">Atua na <\/span><b>recupera\u00e7\u00e3o de \u00e1reas produtoras de \u00e1gua e alimento<\/b><span style=\"font-weight: 400;\">, com sistemas agroflorestais e pr\u00e1ticas que fortalecem o solo e o Cerrado. Valoriza as cadeias da sociobiodiversidade por meio do beneficiamento de alimentos, certifica\u00e7\u00e3o participativa e formas solid\u00e1rias de comercializa\u00e7\u00e3o.\u00a0<\/span><\/p><p><span style=\"font-weight: 400;\">A <\/span><b>comunica\u00e7\u00e3o, mobiliza\u00e7\u00e3o social e articula\u00e7\u00e3o com outras iniciativas<\/b><span style=\"font-weight: 400;\"> ampliam os impactos no territ\u00f3rio. Com essa abordagem, o projeto promove <\/span><b>justi\u00e7a socioambiental e fortalecimento da agricultura familiar<\/b><span style=\"font-weight: 400;\">.<\/span><\/p>\t\t\t\t\t\t\t\t<\/div>\n\t\t\t\t<\/div>\n\t\t\t\t<\/div>\n\t\t\t\t<\/div>\n\t\t\t\t<\/div>\n\t\t<div class=\"elementor-element elementor-element-6c2debe e-grid e-con-boxed e-con e-parent\" data-id=\"6c2debe\" data-element_type=\"container\">\n\t\t\t\t\t<div class=\"e-con-inner\">\n\t\t<div class=\"elementor-element elementor-element-7d514c5 e-con-full e-flex e-con e-child\" data-id=\"7d514c5\" data-element_type=\"container\">\n\t\t\t\t<div class=\"elementor-element elementor-element-c51d9dc elementor-widget elementor-widget-heading\" data-id=\"c51d9dc\" data-element_type=\"widget\" data-widget_type=\"heading.default\">\n\t\t\t\t<div class=\"elementor-widget-container\">\n\t\t\t\t\t<h2 class=\"elementor-heading-title elementor-size-default\">ONDE ATUAMOS<\/h2>\t\t\t\t<\/div>\n\t\t\t\t<\/div>\n\t\t\t\t<\/div>\n\t\t\t\t<div class=\"elementor-element elementor-element-ba40330 elementor-widget elementor-widget-html\" data-id=\"ba40330\" data-element_type=\"widget\" data-widget_type=\"html.default\">\n\t\t\t\t<div class=\"elementor-widget-container\">\n\t\t\t\t\t<iframe src=\"https:\/\/www.google.com\/maps\/d\/embed?mid=1zGoD9ncl2ptJjcIwT33JR3E0RYeNMN4&ehbc=2E312F&noprof=1\" width=\"640\" height=\"480\"><\/iframe>\t\t\t\t<\/div>\n\t\t\t\t<\/div>\n\t\t\t\t\t<\/div>\n\t\t\t\t<\/div>\n\t\t<div class=\"elementor-element elementor-element-d4e43f4 e-flex e-con-boxed e-con e-parent\" data-id=\"d4e43f4\" data-element_type=\"container\">\n\t\t\t\t\t<div class=\"e-con-inner\">\n\t\t\t\t<div class=\"elementor-element elementor-element-463b80e elementor-widget elementor-widget-spacer\" data-id=\"463b80e\" data-element_type=\"widget\" data-widget_type=\"spacer.default\">\n\t\t\t\t<div class=\"elementor-widget-container\">\n\t\t\t\t\t\t\t<div class=\"elementor-spacer\">\n\t\t\t<div class=\"elementor-spacer-inner\"><\/div>\n\t\t<\/div>\n\t\t\t\t\t\t<\/div>\n\t\t\t\t<\/div>\n\t\t\t\t\t<\/div>\n\t\t\t\t<\/div>\n\t\t\t\t<\/div>\n\t\t","protected":false},"excerpt":{"rendered":"<p>PLANTANDO \u00c1GUA \u00a0 O projeto Comunidades Agroflorestais: Plantando \u00c1gua e Tecendo Vidas visa fortalecer a agricultura familiar agroecol\u00f3gica no Distrito Federal, apoiando iniciativas de produtores, movimentos sociais e institui\u00e7\u00f5es. Seu foco \u00e9 gerar trabalho e renda para agricultores e jovens das bacias do Alto Descoberto (DF e GO) e do Rio Parano\u00e1 (DF), por meio [&hellip;]<\/p>\n","protected":false},"author":3,"featured_media":0,"parent":0,"menu_order":0,"comment_status":"closed","ping_status":"closed","template":"","meta":{"inline_featured_image":false,"footnotes":""},"class_list":["post-280","page","type-page","status-publish","hentry"],"_links":{"self":[{"href":"https:\/\/cirat.org\/comunidades-agroflorestais\/wp-json\/wp\/v2\/pages\/280","targetHints":{"allow":["GET"]}}],"collection":[{"href":"https:\/\/cirat.org\/comunidades-agroflorestais\/wp-json\/wp\/v2\/pages"}],"about":[{"href":"https:\/\/cirat.org\/comunidades-agroflorestais\/wp-json\/wp\/v2\/types\/page"}],"author":[{"embeddable":true,"href":"https:\/\/cirat.org\/comunidades-agroflorestais\/wp-json\/wp\/v2\/users\/3"}],"replies":[{"embeddable":true,"href":"https:\/\/cirat.org\/comunidades-agroflorestais\/wp-json\/wp\/v2\/comments?post=280"}],"version-history":[{"count":208,"href":"https:\/\/cirat.org\/comunidades-agroflorestais\/wp-json\/wp\/v2\/pages\/280\/revisions"}],"predecessor-version":[{"id":1613,"href":"https:\/\/cirat.org\/comunidades-agroflorestais\/wp-json\/wp\/v2\/pages\/280\/revisions\/1613"}],"wp:attachment":[{"href":"https:\/\/cirat.org\/comunidades-agroflorestais\/wp-json\/wp\/v2\/media?parent=280"}],"curies":[{"name":"wp","href":"https:\/\/api.w.org\/{rel}","templated":true}]}}